 = 10 - -2. List the prime factors of n.
2, 3
Let x be (-4)/(-14) - 185/35. Let q(d) = 7*d + 1. Let c be q(2). Let z = x + c. List the prime factors of z.
2, 5
Let z(v) = -17*v + 16*v + 1 + 9 + 2. What are the prime factors of z(9)?
3
Let l = 147 + -69. Let b = l + -54. What are the prime factors of b?
2, 3
Suppose 0 = -3*i - 3*i + 354. List the prime factors of i.
59
Let r be 4/(-3)*207/(-6). Suppose 2*x = -0*x + 4*o + r, 4*x - 3*o - 82 = 0. List the prime factors of x.
19
Suppose 0*o + o - d = 65, -4*o = -3*d - 261. What are the prime factors of o?
2, 3, 11
Suppose 283 = 4*z - 933. What are the prime factors of z?
2, 19
Let w = 20 - -73. What are the prime factors of w?
3, 31
Let o = -68 - -116. Suppose o = 2*t + 2*t. Let x = t + -4. List the prime factors of x.
2
Let g = 88 - 61. Let j = -22 + 26. Suppose -3*q = -c - 7, 5*c - g = -j*q + 14. List the prime factors of c.
5
Let d = 165 + -69. List the prime factors of d.
2, 3
Let q(v) = -10 + 7 + 0*v**2 - v**2 + 7 + 8*v. What are the prime factors of q(8)?
2
Suppose 0 = -5*a + 1091 - 151. What are the prime factors of a?
2, 47
Suppose -42*g + 174 = -40*g. List the prime factors of g.
3, 29
Suppose 0 = m - 4*m + 81. Suppose 4*p + 7 = m. Suppose 3*i = -w - p, -8 - 6 = -2*w + 2*i. List the prime factors of w.
2
Let m = 3 - -1. Suppose 0 = -m*o + 6*o - 10. What are the prime factors of 40/(-12)*(-6)/o?
2
Suppose -3 = -i + 2*i. Let g be ((-12)/9)/(i/27). Let w = g + -2. What are the prime factors of w?
2, 5
Let o = 28 - -10. List the prime factors of o.
2, 19
Suppose 0 = -3*j + 522 - 114. What are the prime factors of j?
2, 17
Let u(q) be the third derivative of q**4/24 + 7*q**3/6 + 2*q**2. Let z be u(-5). What are the prime factors of (z - 3)*(-1 - 1)?
2
Let n(v) = v**3 + 19 - 5 + 0*v**2 + 9*v**2 - 13*v. Let j be n(-10). Suppose 3*o + 3*m = m + 28, -2*o + 5*m + j = 0. List the prime factors of o.
2, 3
Suppose -714 = -8*v + 2*v. What are the prime factors of v?
7, 17
Suppose 27 = a - 26. Suppose -3*u - 5 + a = 0. List the prime factors of u.
2
Let o = 6 - -2. Let v be o/(-20) + (-4)/(-10). Suppose v = 4*u - 7*u + 6. What are the prime factors of u?
2
Let g = -4 - -9. Suppose g*p - 4*t = 86, -3*p + p = 4*t - 40. List the prime factors of p.
2, 3
Suppose 12 = -0*j + 3*j. List the prime factors of j.
2
Let p(u) = -7*u - 3. Let g(y) = -13*y - 5. Let x(z) = 3*g(z) - 5*p(z). Let r(c) = 1. Let k(w) = -6*r(w) - x(w). List the prime factors of k(4).
2, 5
Let i = 3 + -11. Let y(w) = -w - 10. Let p be y(i). Let b = 9 - p. What are the prime factors of b?
11
Suppose 4*x - 16 = 0, 3*p = 4*x - 2*x - 110. What are the prime factors of 2 + 2/((-4)/p)?
19
Let i = 224 + -129. List the prime factors of i.
5, 19
Let g = 74 - 12. List the prime factors of g.
2, 31
Let b = -97 - -182. List the prime factors of b.
5, 17
Let z be (-10)/4*(1 + 1). Let q be 0 - z/(5/(-2)). List the prime factors of 7 + (-2 + -2 - q).
5
List the prime factors of (30/(-8))/(9/(-24)).
2, 5
Let d = 5 + -3. Suppose 5*z = -3*s + 35 + 81, 2*z = d*s - 56. List the prime factors of s.
2
Let p be (-16)/12*6/2. Let k(y) = -y**3 - 2*y**2 + 4*y + 5. Let c be k(p). Suppose 9 = 3*z - c. What are the prime factors of z?
2, 5
Suppose -2*d + 8 = q, -3*q - 2*q = 4*d - 22. Suppose -m = -b, -4*m = -d*m + 2*b. Suppose m = 3*t - 12 + 3. What are the prime factors of t?
3
Let z(p) = 29*p**3 + p**2 - 3*p + 2. What are the prime factors of z(1)?
29
Let s = -85 - -125. Suppose s - 12 = 2*y. What are the prime factors of y?
2, 7
Let z(n) = n**3 + 5*n**2 - 3*n - 2. Let v(l) = -l**3 - 6*l**2 - 4*l + 2. Let f be v(-5). List the prime factors of z(f).
5
Let m = -51 + 95. Suppose -2*d + 0 + m = 0. Suppose -g + d = 5*p, p - 24 = -4*p - 2*g. What are the prime factors of p?
2
Let x be ((-75)/(-10))/(3/4). Suppose 11*o - x = 6*o. Suppose o*f = -f + 27. What are the prime factors of f?
3
Let j(t) = -2*t + 9. List the prime factors of j(-13).
5, 7
Let p(n) = 2*n + 3. Let y be p(5). Let u = -66 + 74. Suppose l = y + u. What are the prime factors of l?
3, 7
Let v = 19 + 64. What are the prime factors of v?
83
Let d(o) = o**2 - 13*o + 3. Let t be d(8). Let a be t/3 - (-1)/3. Let q = 18 + a. List the prime factors of q.
2, 3
Let i(p) be the first derivative of p**4/4 + 7*p**3/3 + 7*p**2/2 + 5*p - 6. What are the prime factors of i(-5)?
2, 5
List the prime factors of 1/((-4)/(-32)) - -4.
2, 3
Suppose 0 = 6*f - 47 - 511. What are the prime factors of f?
3, 31
Let i(f) = -f**3 + 7*f**2 + 8*f + 2. Let x be i(8). List the prime factors of 0 + x*(-18)/(-4).
3
Suppose 104 = 3*f + 38. What are the prime factors of f?
2, 11
Let v(d) = -d**2 - 10*d + 3. Suppose -2*o + 0 + 12 = -2*j, 0 = -j - 3*o - 18. List the prime factors of v(j).
2, 3
Suppose -j + 40 = 2. What are the prime factors of j?
2, 19
Suppose -3*n - 49 = -220. Suppose 3*x - 6 = n. List the prime factors of x.
3, 7
Let a be (-370)/15*(-6)/4. Suppose 5*k = -4*j + 66, -2*j - 7 = 4*k - a. What are the prime factors of j?
19
Let g(b) = -33*b. Let v be g(2). List the prime factors of (-79)/(-11) + 12/v.
7
Let c = 113 - 36. List the prime factors of c.
7, 11
Let t(d) be the third derivative of d**4/24 + 2*d**3/3 - 2*d**2. Let w(n) = -6*n. Let l be w(-1). List the prime factors of t(l).
2, 5
Let t be 292/20 + (-2)/(-5). Suppose -18 = 5*v - 3*q + q, 0 = 2*v + 3*q - 8. Let p = t - v. What are the prime factors of p?
17
Let r = 0 + 9. What are the prime factors of r?
3
Let d(u) = 3*u**2 - 5*u + 2. Let s be d(3). Suppose -w + 4*w - 18 = -i, -s = -2*i + 5*w. List the prime factors of 3/4 + 123/i.
11
Let x(f) = 2*f**3 - 5*f**2 + 9*f - 3. What are the prime factors of x(4)?
3
Suppose 2*x + 5*p - 14 = 0, 5*p - 16 = -x - 4. List the prime factors of x/(36/15 - 2).
5
Let q be (-31)/2*(-2 - 0). Suppose -4*c - q = 4*l + 37, -5*c - 4*l - 83 = 0. Let i = 25 + c. What are the prime factors of i?
2, 5
Suppose 3*a + 4*a = 399. List the prime factors of a.
3, 19
Suppose -3*n + 3*x - 129 = 0, -4*n + 5*x + 56 = 231. Let q = 6 - n. What are the prime factors of q?
2, 23
What are the prime factors of (3*26)/((-4)/16*-2)?
2, 3, 13
Suppose -3*m + 8 + 82 = 0. List the prime factors of m.
2, 3, 5
Suppose -3*q + 0*q + 18 = 0. Let y be (-6)/(-4)*(-8)/q. Let t(a) = 4*a**2 + a - 1. List the prime factors of t(y).
13
Let z(b) = -b**3 - 8*b**2 - 6. Let h be z(-8). Let g(y) = -y**2 - 2*y - 5. Let j be g(-4). Let s = h - j. What are the prime factors of s?
7
Suppose 5*v - v + 4*q = 1268, -2*v - 4*q + 632 = 0. Suppose -2*u + v = u. List the prime factors of (-6)/10 - u/(-10).
2, 5
List the prime factors of -7 + 35 + -1*4.
2, 3
Suppose 5*t - 149 = 76. What are the prime factors of t?
3, 5
Let b(y) = y + 1. Let j = -5 - -4. Let n(z) = 1. Let p(o) = j*b(o) - n(o). List the prime factors of p(-6).
2
Suppose -5*d + 75 = -5*i, i - 5*d - 24 = 5*i. Let l = 2 - i. List the prime factors of l.
13
Let w be -1 + 1 + 0/6. Suppose w = 5*o - 2*l - 53, 4*o - 48 = 3*l - 0*l. List the prime factors of o.
3
Let p(k) = -25*k + 7. Let u be p(-4). Suppose -u = -5*o - 12. List the prime factors of o.
19
Let y(q) = q**3 - 5*q**2 - 7*q + 8. Let o be y(6). Suppose 5*u + 5 = 2*h, -u - u - o = -h. What are the prime factors of (1 + h)/((-4)/(-28))?
7
Suppose -o = -3*f + 2*o + 24, -5 = o. Suppose f*w = w + 50. List the prime factors of w.
5
Let r = -12 - -64. What are the prime factors of r?
2, 13
Suppose 2*p - 22 = -5*c, -2*c + 5*p - 2*p + 24 = 0. Suppose -2 - c = -t. What are the prime factors of t?
2
Suppose 2*b - 73 = 29. List the prime factors of b.
3, 17
Suppose -3*i - 220 + 583 = 0. What are the prime factors of i?
11
Suppose 4*g - l = 139, -2*g - g + 109 = 4*l. List the prime factors of g.
5, 7
Let o(x) = 5*x**3 + 1. Suppose -4*s = -0*s - 12, -7 = 5*v - 4*s. Let r be o(v). What are the prime factors of 6/((-9)/r - -3)?
2
Let c(t) = 4*t**2 + 12*t + 36. What are the prime factors of c(-7)?
2, 37
Suppose 0 = 4*r - 2*r. Let k = 3 + r. Let a = 13 - k. List the prime factors of a.
2, 5
What are the prime factors of ((-3)/6)/((-1)/294)?
3, 7
Let u = 65 + -13. List the prime factors of u.
2, 13
Suppose 164 = 4*x - 4*w, -118 = -0*x - 3*x - 2*w. Suppose -x = -0*p - 2*p. List the prime factors of p.
2, 5
Suppose -2*w + 4 = 2*w. Let u(t) = 38*t**3 - t**2 + t - 1. What are the prime factors of u(w)?
